{"id":12,"date":"2023-08-17T18:02:04","date_gmt":"2023-08-17T18:02:04","guid":{"rendered":"https:\/\/cecilia-garza.com\/?page_id=12"},"modified":"2023-08-18T02:16:04","modified_gmt":"2023-08-18T02:16:04","slug":"sobre-mi","status":"publish","type":"page","link":"https:\/\/cecilia-garza.com\/index.php\/sobre-mi\/","title":{"rendered":"Sobre mi"},"content":{"rendered":"\t\t<div data-elementor-type=\"wp-page\" data-elementor-id=\"12\" class=\"elementor elementor-12\">\n\t\t\t\t\t\t\t\t\t<section class=\"elementor-section elementor-top-section elementor-element elementor-element-fa9b6d9 elementor-section-height-min-height elementor-section-boxed elementor-section-height-default elementor-section-items-middle\" data-id=\"fa9b6d9\" data-element_type=\"section\" data-settings=\"{&quot;background_background&quot;:&quot;slideshow&quot;,&quot;background_slideshow_gallery&quot;:[{&quot;id&quot;:160,&quot;url&quot;:&quot;https:\\\/\\\/cecilia-garza.com\\\/wp-content\\\/uploads\\\/2023\\\/08\\\/Portada.webp&quot;}],&quot;background_slideshow_loop&quot;:&quot;yes&quot;,&quot;background_slideshow_slide_duration&quot;:5000,&quot;background_slideshow_slide_transition&quot;:&quot;fade&quot;,&quot;background_slideshow_transition_duration&quot;:500}\">\n\t\t\t\t\t\t<div class=\"elementor-container elementor-column-gap-default\">\n\t\t\t\t\t<div class=\"elementor-column elementor-col-50 elementor-top-column elementor-element elementor-element-551f382\" data-id=\"551f382\" data-element_type=\"column\">\n\t\t\t<div class=\"elementor-widget-wrap elementor-element-populated\">\n\t\t\t\t\t\t\t\t<div class=\"elementor-element elementor-element-ea7003b elementor-hidden-tablet elementor-hidden-mobile elementor-widget elementor-widget-heading\" data-id=\"ea7003b\" data-element_type=\"widget\" data-widget_type=\"heading.default\">\n\t\t\t\t<div class=\"elementor-widget-container\">\n\t\t\t<style>\/*! elementor - v3.15.0 - 09-08-2023 *\/\n.elementor-heading-title{padding:0;margin:0;line-height:1}.elementor-widget-heading .elementor-heading-title[class*=elementor-size-]>a{color:inherit;font-size:inherit;line-height:inherit}.elementor-widget-heading .elementor-heading-title.elementor-size-small{font-size:15px}.elementor-widget-heading .elementor-heading-title.elementor-size-medium{font-size:19px}.elementor-widget-heading .elementor-heading-title.elementor-size-large{font-size:29px}.elementor-widget-heading .elementor-heading-title.elementor-size-xl{font-size:39px}.elementor-widget-heading .elementor-heading-title.elementor-size-xxl{font-size:59px}<\/style><h2 class=\"elementor-heading-title elementor-size-default\">Sobre mi<\/h2>\t\t<\/div>\n\t\t\t\t<\/div>\n\t\t\t\t\t<\/div>\n\t\t<\/div>\n\t\t\t\t<div class=\"elementor-column elementor-col-50 elementor-top-column elementor-element elementor-element-9306b01\" data-id=\"9306b01\" data-element_type=\"column\">\n\t\t\t<div class=\"elementor-widget-wrap\">\n\t\t\t\t\t\t\t\t\t<\/div>\n\t\t<\/div>\n\t\t\t\t\t\t\t<\/div>\n\t\t<\/section>\n\t\t\t\t<section class=\"elementor-section elementor-top-section elementor-element elementor-element-63f8b03 elementor-section-boxed elementor-section-height-default elementor-section-height-default\" data-id=\"63f8b03\" data-element_type=\"section\">\n\t\t\t\t\t\t<div class=\"elementor-container elementor-column-gap-default\">\n\t\t\t\t\t<div class=\"elementor-column elementor-col-100 elementor-top-column elementor-element elementor-element-69ad817\" data-id=\"69ad817\" data-element_type=\"column\">\n\t\t\t<div class=\"elementor-widget-wrap elementor-element-populated\">\n\t\t\t\t\t\t\t\t<div class=\"elementor-element elementor-element-988042c elementor-hidden-desktop elementor-widget elementor-widget-heading\" data-id=\"988042c\" data-element_type=\"widget\" data-widget_type=\"heading.default\">\n\t\t\t\t<div class=\"elementor-widget-container\">\n\t\t\t<h2 class=\"elementor-heading-title elementor-size-default\">Sobre mi<\/h2>\t\t<\/div>\n\t\t\t\t<\/div>\n\t\t\t\t<div class=\"elementor-element elementor-element-1b7599e elementor-widget elementor-widget-heading\" data-id=\"1b7599e\" data-element_type=\"widget\" data-widget_type=\"heading.default\">\n\t\t\t\t<div class=\"elementor-widget-container\">\n\t\t\t<h2 class=\"elementor-heading-title elementor-size-default\">Objetivos<\/h2>\t\t<\/div>\n\t\t\t\t<\/div>\n\t\t\t\t\t<\/div>\n\t\t<\/div>\n\t\t\t\t\t\t\t<\/div>\n\t\t<\/section>\n\t\t\t\t<section class=\"elementor-section elementor-top-section elementor-element elementor-element-1f1e03c elementor-section-boxed elementor-section-height-default elementor-section-height-default\" data-id=\"1f1e03c\" data-element_type=\"section\">\n\t\t\t\t\t\t<div class=\"elementor-container elementor-column-gap-default\">\n\t\t\t\t\t<div class=\"elementor-column elementor-col-33 elementor-top-column elementor-element elementor-element-11165a4\" data-id=\"11165a4\" data-element_type=\"column\">\n\t\t\t<div class=\"elementor-widget-wrap elementor-element-populated\">\n\t\t\t\t\t\t\t\t<div class=\"elementor-element elementor-element-9da2a44 elementor-widget elementor-widget-image\" data-id=\"9da2a44\" data-element_type=\"widget\" data-widget_type=\"image.default\">\n\t\t\t\t<div class=\"elementor-widget-container\">\n\t\t\t<style>\/*! elementor - v3.15.0 - 09-08-2023 *\/\n.elementor-widget-image{text-align:center}.elementor-widget-image a{display:inline-block}.elementor-widget-image a img[src$=\".svg\"]{width:48px}.elementor-widget-image img{vertical-align:middle;display:inline-block}<\/style>\t\t\t\t\t\t\t\t\t\t\t\t<img decoding=\"async\" loading=\"lazy\" width=\"800\" height=\"800\" src=\"https:\/\/cecilia-garza.com\/wp-content\/uploads\/2023\/08\/Objetivo-3-1024x1024.webp\" class=\"attachment-large size-large wp-image-167\" alt=\"\" srcset=\"https:\/\/cecilia-garza.com\/wp-content\/uploads\/2023\/08\/Objetivo-3-1024x1024.webp 1024w, https:\/\/cecilia-garza.com\/wp-content\/uploads\/2023\/08\/Objetivo-3-300x300.webp 300w, https:\/\/cecilia-garza.com\/wp-content\/uploads\/2023\/08\/Objetivo-3-150x150.webp 150w, https:\/\/cecilia-garza.com\/wp-content\/uploads\/2023\/08\/Objetivo-3-768x768.webp 768w, https:\/\/cecilia-garza.com\/wp-content\/uploads\/2023\/08\/Objetivo-3.webp 1080w\" sizes=\"(max-width: 800px) 100vw, 800px\" \/>\t\t\t\t\t\t\t\t\t\t\t\t\t\t\t<\/div>\n\t\t\t\t<\/div>\n\t\t\t\t<div class=\"elementor-element elementor-element-c758434 elementor-widget elementor-widget-text-editor\" data-id=\"c758434\" data-element_type=\"widget\" data-widget_type=\"text-editor.default\">\n\t\t\t\t<div class=\"elementor-widget-container\">\n\t\t\t<style>\/*! elementor - v3.15.0 - 09-08-2023 *\/\n.elementor-widget-text-editor.elementor-drop-cap-view-stacked .elementor-drop-cap{background-color:#69727d;color:#fff}.elementor-widget-text-editor.elementor-drop-cap-view-framed .elementor-drop-cap{color:#69727d;border:3px solid;background-color:transparent}.elementor-widget-text-editor:not(.elementor-drop-cap-view-default) .elementor-drop-cap{margin-top:8px}.elementor-widget-text-editor:not(.elementor-drop-cap-view-default) .elementor-drop-cap-letter{width:1em;height:1em}.elementor-widget-text-editor .elementor-drop-cap{float:left;text-align:center;line-height:1;font-size:50px}.elementor-widget-text-editor .elementor-drop-cap-letter{display:inline-block}<\/style>\t\t\t\t<p>Brindar terapias y programas de Naturopat\u00eda Hol\u00edstica con Quantum Balance altamente efectivos y personalizados para abordar las necesidades espec\u00edficas de cada cliente.<\/p>\t\t\t\t\t\t<\/div>\n\t\t\t\t<\/div>\n\t\t\t\t\t<\/div>\n\t\t<\/div>\n\t\t\t\t<div class=\"elementor-column elementor-col-33 elementor-top-column elementor-element elementor-element-ebf105f\" data-id=\"ebf105f\" data-element_type=\"column\">\n\t\t\t<div class=\"elementor-widget-wrap elementor-element-populated\">\n\t\t\t\t\t\t\t\t<div class=\"elementor-element elementor-element-6c76afb elementor-widget elementor-widget-image\" data-id=\"6c76afb\" data-element_type=\"widget\" data-widget_type=\"image.default\">\n\t\t\t\t<div class=\"elementor-widget-container\">\n\t\t\t\t\t\t\t\t\t\t\t\t\t\t\t<img decoding=\"async\" loading=\"lazy\" width=\"800\" height=\"800\" src=\"https:\/\/cecilia-garza.com\/wp-content\/uploads\/2023\/08\/Objetivo-2-1024x1024.webp\" class=\"attachment-large size-large wp-image-166\" alt=\"\" srcset=\"https:\/\/cecilia-garza.com\/wp-content\/uploads\/2023\/08\/Objetivo-2-1024x1024.webp 1024w, https:\/\/cecilia-garza.com\/wp-content\/uploads\/2023\/08\/Objetivo-2-300x300.webp 300w, https:\/\/cecilia-garza.com\/wp-content\/uploads\/2023\/08\/Objetivo-2-150x150.webp 150w, https:\/\/cecilia-garza.com\/wp-content\/uploads\/2023\/08\/Objetivo-2-768x768.webp 768w, https:\/\/cecilia-garza.com\/wp-content\/uploads\/2023\/08\/Objetivo-2.webp 1080w\" sizes=\"(max-width: 800px) 100vw, 800px\" \/>\t\t\t\t\t\t\t\t\t\t\t\t\t\t\t<\/div>\n\t\t\t\t<\/div>\n\t\t\t\t<div class=\"elementor-element elementor-element-2faeb31 elementor-widget elementor-widget-text-editor\" data-id=\"2faeb31\" data-element_type=\"widget\" data-widget_type=\"text-editor.default\">\n\t\t\t\t<div class=\"elementor-widget-container\">\n\t\t\t\t\t\t\t<p>Promover el conocimiento y la comprensi\u00f3n de la naturopat\u00eda y la terapia cu\u00e1ntica como enfoques v\u00e1lidos y complementarios para el bienestar.\u00a0<\/p>\t\t\t\t\t\t<\/div>\n\t\t\t\t<\/div>\n\t\t\t\t\t<\/div>\n\t\t<\/div>\n\t\t\t\t<div class=\"elementor-column elementor-col-33 elementor-top-column elementor-element elementor-element-5927c31\" data-id=\"5927c31\" data-element_type=\"column\">\n\t\t\t<div class=\"elementor-widget-wrap elementor-element-populated\">\n\t\t\t\t\t\t\t\t<div class=\"elementor-element elementor-element-1a3693d elementor-widget elementor-widget-image\" data-id=\"1a3693d\" data-element_type=\"widget\" data-widget_type=\"image.default\">\n\t\t\t\t<div class=\"elementor-widget-container\">\n\t\t\t\t\t\t\t\t\t\t\t\t\t\t\t<img decoding=\"async\" loading=\"lazy\" width=\"800\" height=\"800\" src=\"https:\/\/cecilia-garza.com\/wp-content\/uploads\/2023\/08\/Objetivo-1-1024x1024.webp\" class=\"attachment-large size-large wp-image-165\" alt=\"\" srcset=\"https:\/\/cecilia-garza.com\/wp-content\/uploads\/2023\/08\/Objetivo-1-1024x1024.webp 1024w, https:\/\/cecilia-garza.com\/wp-content\/uploads\/2023\/08\/Objetivo-1-300x300.webp 300w, https:\/\/cecilia-garza.com\/wp-content\/uploads\/2023\/08\/Objetivo-1-150x150.webp 150w, https:\/\/cecilia-garza.com\/wp-content\/uploads\/2023\/08\/Objetivo-1-768x768.webp 768w, https:\/\/cecilia-garza.com\/wp-content\/uploads\/2023\/08\/Objetivo-1.webp 1080w\" sizes=\"(max-width: 800px) 100vw, 800px\" \/>\t\t\t\t\t\t\t\t\t\t\t\t\t\t\t<\/div>\n\t\t\t\t<\/div>\n\t\t\t\t<div class=\"elementor-element elementor-element-be73f1b elementor-widget elementor-widget-text-editor\" data-id=\"be73f1b\" data-element_type=\"widget\" data-widget_type=\"text-editor.default\">\n\t\t\t\t<div class=\"elementor-widget-container\">\n\t\t\t\t\t\t\t<p>Brindar terapias y programas de Naturopat\u00eda Hol\u00edstica con Quantum Balance altamente efectivos y personalizados para abordar las necesidades espec\u00edficas de cada cliente.<\/p>\t\t\t\t\t\t<\/div>\n\t\t\t\t<\/div>\n\t\t\t\t\t<\/div>\n\t\t<\/div>\n\t\t\t\t\t\t\t<\/div>\n\t\t<\/section>\n\t\t\t\t<section class=\"elementor-section elementor-top-section elementor-element elementor-element-60357cb elementor-section-boxed elementor-section-height-default elementor-section-height-default\" data-id=\"60357cb\" data-element_type=\"section\">\n\t\t\t\t\t\t<div class=\"elementor-container elementor-column-gap-default\">\n\t\t\t\t\t<div class=\"elementor-column elementor-col-33 elementor-top-column elementor-element elementor-element-88bb829\" data-id=\"88bb829\" data-element_type=\"column\">\n\t\t\t<div class=\"elementor-widget-wrap elementor-element-populated\">\n\t\t\t\t\t\t\t\t<div class=\"elementor-element elementor-element-5b5218e elementor-widget elementor-widget-image\" data-id=\"5b5218e\" data-element_type=\"widget\" data-widget_type=\"image.default\">\n\t\t\t\t<div class=\"elementor-widget-container\">\n\t\t\t\t\t\t\t\t\t\t\t\t\t\t\t<img decoding=\"async\" loading=\"lazy\" width=\"800\" height=\"800\" src=\"https:\/\/cecilia-garza.com\/wp-content\/uploads\/2023\/08\/Objeivo-4-1024x1024.webp\" class=\"attachment-large size-large wp-image-173\" alt=\"\" srcset=\"https:\/\/cecilia-garza.com\/wp-content\/uploads\/2023\/08\/Objeivo-4-1024x1024.webp 1024w, https:\/\/cecilia-garza.com\/wp-content\/uploads\/2023\/08\/Objeivo-4-300x300.webp 300w, https:\/\/cecilia-garza.com\/wp-content\/uploads\/2023\/08\/Objeivo-4-150x150.webp 150w, https:\/\/cecilia-garza.com\/wp-content\/uploads\/2023\/08\/Objeivo-4-768x768.webp 768w, https:\/\/cecilia-garza.com\/wp-content\/uploads\/2023\/08\/Objeivo-4.webp 1080w\" sizes=\"(max-width: 800px) 100vw, 800px\" \/>\t\t\t\t\t\t\t\t\t\t\t\t\t\t\t<\/div>\n\t\t\t\t<\/div>\n\t\t\t\t<div class=\"elementor-element elementor-element-419de47 elementor-widget elementor-widget-text-editor\" data-id=\"419de47\" data-element_type=\"widget\" data-widget_type=\"text-editor.default\">\n\t\t\t\t<div class=\"elementor-widget-container\">\n\t\t\t\t\t\t\t<p>Continuar nuestra b\u00fasqueda constante de conocimientos y t\u00e9cnicas innovadoras para mejorar y enriquecer nuestros servicios<\/p>\t\t\t\t\t\t<\/div>\n\t\t\t\t<\/div>\n\t\t\t\t\t<\/div>\n\t\t<\/div>\n\t\t\t\t<div class=\"elementor-column elementor-col-33 elementor-top-column elementor-element elementor-element-4286c69\" data-id=\"4286c69\" data-element_type=\"column\">\n\t\t\t<div class=\"elementor-widget-wrap elementor-element-populated\">\n\t\t\t\t\t\t\t\t<div class=\"elementor-element elementor-element-06f7d58 elementor-widget elementor-widget-image\" data-id=\"06f7d58\" data-element_type=\"widget\" data-widget_type=\"image.default\">\n\t\t\t\t<div class=\"elementor-widget-container\">\n\t\t\t\t\t\t\t\t\t\t\t\t\t\t\t<img decoding=\"async\" loading=\"lazy\" width=\"800\" height=\"800\" src=\"https:\/\/cecilia-garza.com\/wp-content\/uploads\/2023\/08\/Objetivo-5-1024x1024.webp\" class=\"attachment-large size-large wp-image-172\" alt=\"\" srcset=\"https:\/\/cecilia-garza.com\/wp-content\/uploads\/2023\/08\/Objetivo-5-1024x1024.webp 1024w, https:\/\/cecilia-garza.com\/wp-content\/uploads\/2023\/08\/Objetivo-5-300x300.webp 300w, https:\/\/cecilia-garza.com\/wp-content\/uploads\/2023\/08\/Objetivo-5-150x150.webp 150w, https:\/\/cecilia-garza.com\/wp-content\/uploads\/2023\/08\/Objetivo-5-768x768.webp 768w, https:\/\/cecilia-garza.com\/wp-content\/uploads\/2023\/08\/Objetivo-5.webp 1080w\" sizes=\"(max-width: 800px) 100vw, 800px\" \/>\t\t\t\t\t\t\t\t\t\t\t\t\t\t\t<\/div>\n\t\t\t\t<\/div>\n\t\t\t\t<div class=\"elementor-element elementor-element-980c8d3 elementor-widget elementor-widget-text-editor\" data-id=\"980c8d3\" data-element_type=\"widget\" data-widget_type=\"text-editor.default\">\n\t\t\t\t<div class=\"elementor-widget-container\">\n\t\t\t\t\t\t\t<p>Inspirar y motivar a nuestros clientes a adoptar un estilo de vida saludable, equilibrado y consciente para lograr una salud \u00f3ptima a largo plazo.\u00a0<\/p>\t\t\t\t\t\t<\/div>\n\t\t\t\t<\/div>\n\t\t\t\t\t<\/div>\n\t\t<\/div>\n\t\t\t\t<div class=\"elementor-column elementor-col-33 elementor-top-column elementor-element elementor-element-bcbc570\" data-id=\"bcbc570\" data-element_type=\"column\">\n\t\t\t<div class=\"elementor-widget-wrap elementor-element-populated\">\n\t\t\t\t\t\t\t\t<div class=\"elementor-element elementor-element-8b8b29e elementor-widget elementor-widget-image\" data-id=\"8b8b29e\" data-element_type=\"widget\" data-widget_type=\"image.default\">\n\t\t\t\t<div class=\"elementor-widget-container\">\n\t\t\t\t\t\t\t\t\t\t\t\t\t\t\t<img decoding=\"async\" loading=\"lazy\" width=\"800\" height=\"800\" src=\"https:\/\/cecilia-garza.com\/wp-content\/uploads\/2023\/08\/Objetivo-6-1024x1024.webp\" class=\"attachment-large size-large wp-image-171\" alt=\"\" srcset=\"https:\/\/cecilia-garza.com\/wp-content\/uploads\/2023\/08\/Objetivo-6-1024x1024.webp 1024w, https:\/\/cecilia-garza.com\/wp-content\/uploads\/2023\/08\/Objetivo-6-300x300.webp 300w, https:\/\/cecilia-garza.com\/wp-content\/uploads\/2023\/08\/Objetivo-6-150x150.webp 150w, https:\/\/cecilia-garza.com\/wp-content\/uploads\/2023\/08\/Objetivo-6-768x768.webp 768w, https:\/\/cecilia-garza.com\/wp-content\/uploads\/2023\/08\/Objetivo-6.webp 1080w\" sizes=\"(max-width: 800px) 100vw, 800px\" \/>\t\t\t\t\t\t\t\t\t\t\t\t\t\t\t<\/div>\n\t\t\t\t<\/div>\n\t\t\t\t<div class=\"elementor-element elementor-element-4115689 elementor-widget elementor-widget-text-editor\" data-id=\"4115689\" data-element_type=\"widget\" data-widget_type=\"text-editor.default\">\n\t\t\t\t<div class=\"elementor-widget-container\">\n\t\t\t\t\t\t\t<p>Fomentar a investigaci\u00f3n y la colaboraci\u00f3n en el campo de la Naturopat\u00eda Hol\u00edstica con Quantum Balance para seguir avanzando en la comprensi\u00f3n de la interconexi\u00f3n entre el cuerpo, la mente y la energ\u00eda vital.<\/p>\t\t\t\t\t\t<\/div>\n\t\t\t\t<\/div>\n\t\t\t\t\t<\/div>\n\t\t<\/div>\n\t\t\t\t\t\t\t<\/div>\n\t\t<\/section>\n\t\t\t\t<section class=\"elementor-section elementor-top-section elementor-element elementor-element-1705f39 elementor-section-boxed elementor-section-height-default elementor-section-height-default\" data-id=\"1705f39\" data-element_type=\"section\">\n\t\t\t\t\t\t<div class=\"elementor-container elementor-column-gap-default\">\n\t\t\t\t\t<div class=\"elementor-column elementor-col-50 elementor-top-column elementor-element elementor-element-e43de12\" data-id=\"e43de12\" data-element_type=\"column\" data-settings=\"{&quot;background_background&quot;:&quot;slideshow&quot;,&quot;background_slideshow_gallery&quot;:[{&quot;id&quot;:190,&quot;url&quot;:&quot;https:\\\/\\\/cecilia-garza.com\\\/wp-content\\\/uploads\\\/2023\\\/08\\\/Mision.webp&quot;}],&quot;background_slideshow_loop&quot;:&quot;yes&quot;,&quot;background_slideshow_slide_duration&quot;:5000,&quot;background_slideshow_slide_transition&quot;:&quot;fade&quot;,&quot;background_slideshow_transition_duration&quot;:500}\">\n\t\t\t<div class=\"elementor-widget-wrap elementor-element-populated\">\n\t\t\t\t\t\t\t\t<div class=\"elementor-element elementor-element-1bc55ed elementor-widget elementor-widget-heading\" data-id=\"1bc55ed\" data-element_type=\"widget\" data-widget_type=\"heading.default\">\n\t\t\t\t<div class=\"elementor-widget-container\">\n\t\t\t<h2 class=\"elementor-heading-title elementor-size-default\">Misi\u00f3n<\/h2>\t\t<\/div>\n\t\t\t\t<\/div>\n\t\t\t\t<div class=\"elementor-element elementor-element-ab75a88 elementor-widget elementor-widget-text-editor\" data-id=\"ab75a88\" data-element_type=\"widget\" data-widget_type=\"text-editor.default\">\n\t\t\t\t<div class=\"elementor-widget-container\">\n\t\t\t\t\t\t\t<p>Proporcionar un enfoque compasivo y centrado en el cliente, promoviendo la salud hol\u00edstica y el empoderamiento personal. Trabajamos con dedicaci\u00f3n para crear un ambiente de confianza y respeto, donde cada cliente se siente valorado y escuchado. A trav\u00e9s de la educaci\u00f3n y la gu\u00eda experta, nos comprometemos a capacitar a nuestros clientes para que tomen decisiones informadas sobre su bienestar y adopten un enfoque reactivo hacia su salud.\u00a0<\/p>\t\t\t\t\t\t<\/div>\n\t\t\t\t<\/div>\n\t\t\t\t\t<\/div>\n\t\t<\/div>\n\t\t\t\t<div class=\"elementor-column elementor-col-50 elementor-top-column elementor-element elementor-element-c7e73e3\" data-id=\"c7e73e3\" data-element_type=\"column\" data-settings=\"{&quot;background_background&quot;:&quot;slideshow&quot;,&quot;background_slideshow_gallery&quot;:[{&quot;id&quot;:189,&quot;url&quot;:&quot;https:\\\/\\\/cecilia-garza.com\\\/wp-content\\\/uploads\\\/2023\\\/08\\\/Vision.webp&quot;}],&quot;background_slideshow_loop&quot;:&quot;yes&quot;,&quot;background_slideshow_slide_duration&quot;:5000,&quot;background_slideshow_slide_transition&quot;:&quot;fade&quot;,&quot;background_slideshow_transition_duration&quot;:500}\">\n\t\t\t<div class=\"elementor-widget-wrap elementor-element-populated\">\n\t\t\t\t\t\t\t\t<div class=\"elementor-element elementor-element-3de8632 elementor-widget elementor-widget-heading\" data-id=\"3de8632\" data-element_type=\"widget\" data-widget_type=\"heading.default\">\n\t\t\t\t<div class=\"elementor-widget-container\">\n\t\t\t<h2 class=\"elementor-heading-title elementor-size-default\">Visi\u00f3n<\/h2>\t\t<\/div>\n\t\t\t\t<\/div>\n\t\t\t\t<div class=\"elementor-element elementor-element-ba80a3b elementor-widget elementor-widget-text-editor\" data-id=\"ba80a3b\" data-element_type=\"widget\" data-widget_type=\"text-editor.default\">\n\t\t\t\t<div class=\"elementor-widget-container\">\n\t\t\t\t\t\t\t<p>Ser l\u00edderes en el campo de la Naturopat\u00eda Hol\u00edstica con Quantum Balance, brindando soluciones de bienestar innovadoras y altamente efectivas. Nos esforzamos por ser una fuente de inspiraci\u00f3n y cambio positivo para nuestros clientes. alent\u00e1ndolos a a tomar el control de su salud y experimentar una transformaci\u00f3n profunda en sus vidas.<\/p>\t\t\t\t\t\t<\/div>\n\t\t\t\t<\/div>\n\t\t\t\t\t<\/div>\n\t\t<\/div>\n\t\t\t\t\t\t\t<\/div>\n\t\t<\/section>\n\t\t\t\t<section class=\"elementor-section elementor-top-section elementor-element elementor-element-762fbc3 elementor-section-boxed elementor-section-height-default elementor-section-height-default\" data-id=\"762fbc3\" data-element_type=\"section\" data-settings=\"{&quot;background_background&quot;:&quot;classic&quot;}\">\n\t\t\t\t\t\t<div class=\"elementor-container elementor-column-gap-default\">\n\t\t\t\t\t<div class=\"elementor-column elementor-col-100 elementor-top-column elementor-element elementor-element-32a7951\" data-id=\"32a7951\" data-element_type=\"column\">\n\t\t\t<div class=\"elementor-widget-wrap elementor-element-populated\">\n\t\t\t\t\t\t\t\t<div class=\"elementor-element elementor-element-d94d17d elementor-widget elementor-widget-heading\" data-id=\"d94d17d\" data-element_type=\"widget\" data-widget_type=\"heading.default\">\n\t\t\t\t<div class=\"elementor-widget-container\">\n\t\t\t<h2 class=\"elementor-heading-title elementor-size-default\">Objetivo<\/h2>\t\t<\/div>\n\t\t\t\t<\/div>\n\t\t\t\t<div class=\"elementor-element elementor-element-e484512 elementor-widget elementor-widget-text-editor\" data-id=\"e484512\" data-element_type=\"widget\" data-widget_type=\"text-editor.default\">\n\t\t\t\t<div class=\"elementor-widget-container\">\n\t\t\t\t\t\t\t<p>Guiar a nuestros clientes hacia un estado \u00f3ptimo de salud y bienestar mediante la Naturopat\u00eda Hol\u00edstica con Quantum Balance. Con enfoque personalizado y profesionales, altamente capacitados, empoderando a nuestros clientes para que tomen control de su bienestar f\u00edsico, emocional y espiritual.<\/p>\t\t\t\t\t\t<\/div>\n\t\t\t\t<\/div>\n\t\t\t\t\t<\/div>\n\t\t<\/div>\n\t\t\t\t\t\t\t<\/div>\n\t\t<\/section>\n\t\t\t\t\t\t\t<\/div>\n\t\t","protected":false},"excerpt":{"rendered":"<p>Sobre mi Sobre mi Objetivos Brindar terapias y programas de Naturopat\u00eda Hol\u00edstica con Quantum Balance altamente efectivos y personalizados para abordar las necesidades espec\u00edficas de cada cliente. Promover el conocimiento y la comprensi\u00f3n de la naturopat\u00eda y la terapia cu\u00e1ntica como enfoques v\u00e1lidos y complementarios para el bienestar.\u00a0 Brindar terapias y programas de Naturopat\u00eda Hol\u00edstica [&hellip;]<\/p>\n","protected":false},"author":1,"featured_media":0,"parent":0,"menu_order":0,"comment_status":"closed","ping_status":"closed","template":"","meta":{"om_disable_all_campaigns":false,"_monsterinsights_skip_tracking":false,"_monsterinsights_sitenote_active":false,"_monsterinsights_sitenote_note":"","_monsterinsights_sitenote_category":0,"footnotes":""},"aioseo_notices":[],"_links":{"self":[{"href":"https:\/\/cecilia-garza.com\/index.php\/wp-json\/wp\/v2\/pages\/12"}],"collection":[{"href":"https:\/\/cecilia-garza.com\/index.php\/wp-json\/wp\/v2\/pages"}],"about":[{"href":"https:\/\/cecilia-garza.com\/index.php\/wp-json\/wp\/v2\/types\/page"}],"author":[{"embeddable":true,"href":"https:\/\/cecilia-garza.com\/index.php\/wp-json\/wp\/v2\/users\/1"}],"replies":[{"embeddable":true,"href":"https:\/\/cecilia-garza.com\/index.php\/wp-json\/wp\/v2\/comments?post=12"}],"version-history":[{"count":49,"href":"https:\/\/cecilia-garza.com\/index.php\/wp-json\/wp\/v2\/pages\/12\/revisions"}],"predecessor-version":[{"id":212,"href":"https:\/\/cecilia-garza.com\/index.php\/wp-json\/wp\/v2\/pages\/12\/revisions\/212"}],"wp:attachment":[{"href":"https:\/\/cecilia-garza.com\/index.php\/wp-json\/wp\/v2\/media?parent=12"}],"curies":[{"name":"wp","href":"https:\/\/api.w.org\/{rel}","templated":true}]}}